{"id":12,"date":"2019-11-15T01:59:00","date_gmt":"2019-11-15T04:59:00","guid":{"rendered":"http:\/\/demosoledad.pencidesign.com\/soledad-finance-consulting-multipurpose\/?page_id=12"},"modified":"2024-11-27T14:16:21","modified_gmt":"2024-11-27T17:16:21","slug":"contato","status":"publish","type":"page","link":"https:\/\/fbh.com.br\/convencao\/contato\/","title":{"rendered":"Contato"},"content":{"rendered":"\t\t<div data-elementor-type=\"wp-page\" data-elementor-id=\"12\" class=\"elementor elementor-12\">\n\t\t\t\t\t\t<div class=\"elementor-inner\">\n\t\t\t\t<div class=\"elementor-section-wrap\">\n\t\t\t\t\t\t\t\t\t<section class=\"penci-section penci-disSticky penci-structure-10 elementor-section elementor-top-section elementor-element elementor-element-7a67cc2 elementor-section-boxed elementor-section-height-default elementor-section-height-default\" data-id=\"7a67cc2\" data-element_type=\"section\" data-settings=\"{&quot;background_background&quot;:&quot;classic&quot;}\">\n\t\t\t\t\t\t<div class=\"elementor-container elementor-column-gap-no\">\n\t\t\t\t\t\t\t<div class=\"elementor-row\">\n\t\t\t\t\t<div class=\"penci-ercol-100 penci-ercol-order-1 penci-sticky-ct  elementor-column elementor-col-100 elementor-top-column elementor-element elementor-element-7f49586\" data-id=\"7f49586\" data-element_type=\"column\">\n\t\t\t<div class=\"theiaStickySidebar elementor-column-wrap elementor-element-populated\">\n\t\t\t\t\t\t\t<div class=\"elementor-widget-wrap\">\n\t\t\t\t\t\t<div class=\"elementor-element elementor-element-59c93cb elementor-widget elementor-widget-penci-fancy_heading\" data-id=\"59c93cb\" data-element_type=\"widget\" data-widget_type=\"penci-fancy_heading.default\">\n\t\t\t\t<div class=\"elementor-widget-container\">\n\t\t\t\t\t<div class=\"penci-fancy-heading penci-heading-text-center\">\r\n\t\t\t<div class=\"penci-fancy-heading-inner\">\r\n\t\t\t\t<h2 class=\"penci-heading-title\">Contato<\/h2>\t\t\t<\/div>\r\n\t\t<\/div>\r\n\t\t\t\t<\/div>\n\t\t\t\t<\/div>\n\t\t\t\t\t\t<\/div>\n\t\t\t\t\t<\/div>\n\t\t<\/div>\n\t\t\t\t\t\t\t\t<\/div>\n\t\t\t\t\t<\/div>\n\t\t<\/section>\n\t\t\t\t<section class=\"penci-section penci-disSticky penci-structure-10 elementor-section elementor-top-section elementor-element elementor-element-09bf78b elementor-section-content-middle elementor-section-boxed elementor-section-height-default elementor-section-height-default\" data-id=\"09bf78b\" data-element_type=\"section\">\n\t\t\t\t\t\t<div class=\"elementor-container elementor-column-gap-wider\">\n\t\t\t\t\t\t\t<div class=\"elementor-row\">\n\t\t\t\t\t<div class=\"penci-ercol-100 penci-ercol-order-1 penci-sticky-ct  elementor-column elementor-col-100 elementor-top-column elementor-element elementor-element-5440b1d\" data-id=\"5440b1d\" data-element_type=\"column\">\n\t\t\t<div class=\"theiaStickySidebar elementor-column-wrap elementor-element-populated\">\n\t\t\t\t\t\t\t<div class=\"elementor-widget-wrap\">\n\t\t\t\t\t\t<div class=\"elementor-element elementor-element-d3b552d elementor-widget elementor-widget-penci-fancy_heading\" data-id=\"d3b552d\" data-element_type=\"widget\" data-widget_type=\"penci-fancy_heading.default\">\n\t\t\t\t<div class=\"elementor-widget-container\">\n\t\t\t\t\t<div class=\"penci-fancy-heading penci-heading-text-left\">\r\n\t\t\t<div class=\"penci-fancy-heading-inner\">\r\n\t\t\t\t<div class=\"penci-heading-subtitle\">Preencha o formul\u00e1rio<\/div>\t\t\t<\/div>\r\n\t\t<\/div>\r\n\t\t\t\t<\/div>\n\t\t\t\t<\/div>\n\t\t\t\t<div class=\"elementor-element elementor-element-7d65395 elementor-button-align-stretch elementor-widget elementor-widget-form\" data-id=\"7d65395\" data-element_type=\"widget\" data-settings=\"{&quot;step_next_label&quot;:&quot;Next&quot;,&quot;step_previous_label&quot;:&quot;Previous&quot;,&quot;button_width&quot;:&quot;100&quot;,&quot;step_type&quot;:&quot;number_text&quot;,&quot;step_icon_shape&quot;:&quot;circle&quot;}\" data-widget_type=\"form.default\">\n\t\t\t\t<div class=\"elementor-widget-container\">\n\t\t\t\t\t<form class=\"elementor-form\" method=\"post\" name=\"New Form\">\n\t\t\t<input type=\"hidden\" name=\"post_id\" value=\"12\"\/>\n\t\t\t<input type=\"hidden\" name=\"form_id\" value=\"7d65395\"\/>\n\t\t\t<input type=\"hidden\" name=\"referer_title\" value=\"15\u00aa CONVEN\u00c7\u00c3O BRASILEIRA DE HOSPITAIS &#8211; CBH\" \/>\n\n\t\t\t\n\t\t\t<div class=\"elementor-form-fields-wrapper elementor-labels-above\">\n\t\t\t\t\t\t\t\t<div class=\"elementor-field-type-text elementor-field-group elementor-column elementor-field-group-name elementor-col-100\">\n\t\t\t\t\t\t\t\t\t\t\t\t\t<input size=\"1\" type=\"text\" name=\"form_fields[name]\" id=\"form-field-name\" class=\"elementor-field elementor-size-sm  elementor-field-textual\" placeholder=\"Nome\">\n\t\t\t\t\t\t\t\t\t\t\t<\/div>\n\t\t\t\t\t\t\t\t<div class=\"elementor-field-type-text elementor-field-group elementor-column elementor-field-group-field_e86b20c elementor-col-100\">\n\t\t\t\t\t\t\t\t\t\t\t\t\t<input size=\"1\" type=\"text\" name=\"form_fields[field_e86b20c]\" id=\"form-field-field_e86b20c\" class=\"elementor-field elementor-size-sm  elementor-field-textual\" placeholder=\"Telefone\">\n\t\t\t\t\t\t\t\t\t\t\t<\/div>\n\t\t\t\t\t\t\t\t<div class=\"elementor-field-type-text elementor-field-group elementor-column elementor-field-group-field_43b5d70 elementor-col-50\">\n\t\t\t\t\t\t\t\t\t\t\t\t\t<input size=\"1\" type=\"text\" name=\"form_fields[field_43b5d70]\" id=\"form-field-field_43b5d70\" class=\"elementor-field elementor-size-sm  elementor-field-textual\" placeholder=\"Cidade\">\n\t\t\t\t\t\t\t\t\t\t\t<\/div>\n\t\t\t\t\t\t\t\t<div class=\"elementor-field-type-text elementor-field-group elementor-column elementor-field-group-field_ba01922 elementor-col-50\">\n\t\t\t\t\t\t\t\t\t\t\t\t\t<input size=\"1\" type=\"text\" name=\"form_fields[field_ba01922]\" id=\"form-field-field_ba01922\" class=\"elementor-field elementor-size-sm  elementor-field-textual\" placeholder=\"Estado\">\n\t\t\t\t\t\t\t\t\t\t\t<\/div>\n\t\t\t\t\t\t\t\t<div class=\"elementor-field-type-email elementor-field-group elementor-column elementor-field-group-email elementor-col-100 elementor-field-required\">\n\t\t\t\t\t\t\t\t\t\t\t\t\t<input size=\"1\" type=\"email\" name=\"form_fields[email]\" id=\"form-field-email\" class=\"elementor-field elementor-size-sm  elementor-field-textual\" placeholder=\"E-mail\" required=\"required\" aria-required=\"true\">\n\t\t\t\t\t\t\t\t\t\t\t<\/div>\n\t\t\t\t\t\t\t\t<div class=\"elementor-field-type-textarea elementor-field-group elementor-column elementor-field-group-message elementor-col-100\">\n\t\t\t\t\t<textarea class=\"elementor-field-textual elementor-field  elementor-size-sm\" name=\"form_fields[message]\" id=\"form-field-message\" rows=\"4\" placeholder=\"Digite sua mensagem\"><\/textarea>\t\t\t\t<\/div>\n\t\t\t\t\t\t\t\t<div class=\"elementor-field-group elementor-column elementor-field-type-submit elementor-col-100 e-form__buttons\">\n\t\t\t\t\t<button type=\"submit\" class=\"elementor-button elementor-size-sm\">\n\t\t\t\t\t\t<span >\n\t\t\t\t\t\t\t\t\t\t\t\t\t\t\t<span class=\" elementor-button-icon\">\n\t\t\t\t\t\t\t\t\t\t\t\t\t\t\t\t\t\t\t\t\t\t\t\t\t\t<\/span>\n\t\t\t\t\t\t\t\t\t\t\t\t\t\t\t\t\t\t\t\t\t\t<span class=\"elementor-button-text\">Send<\/span>\n\t\t\t\t\t\t\t\t\t\t\t\t\t<\/span>\n\t\t\t\t\t<\/button>\n\t\t\t\t<\/div>\n\t\t\t<\/div>\n\t\t<\/form>\n\t\t\t\t<\/div>\n\t\t\t\t<\/div>\n\t\t\t\t\t\t<\/div>\n\t\t\t\t\t<\/div>\n\t\t<\/div>\n\t\t\t\t\t\t\t\t<\/div>\n\t\t\t\t\t<\/div>\n\t\t<\/section>\n\t\t\t\t\t\t\t\t\t<\/div>\n\t\t\t<\/div>\n\t\t\t\t\t<\/div>\n\t\t","protected":false},"excerpt":{"rendered":"<p>Contato Preencha o formul\u00e1rio<\/p>\n","protected":false},"author":1,"featured_media":0,"parent":0,"menu_order":0,"comment_status":"closed","ping_status":"closed","template":"page-fullwidth.php","meta":{"footnotes":""},"class_list":["post-12","page","type-page","status-publish","hentry"],"yoast_head":"<!-- This site is optimized with the Yoast SEO plugin v20.11 - https:\/\/yoast.com\/wordpress\/plugins\/seo\/ -->\n<title>Contato - 15\u00aa CONVEN\u00c7\u00c3O BRASILEIRA DE HOSPITAIS - CBH<\/title>\n<meta name=\"robots\" content=\"index, follow, max-snippet:-1, max-image-preview:large, max-video-preview:-1\" \/>\n<link rel=\"canonical\" href=\"https:\/\/fbh.com.br\/convencao\/contato\/\" \/>\n<meta property=\"og:locale\" content=\"pt_BR\" \/>\n<meta property=\"og:type\" content=\"article\" \/>\n<meta property=\"og:title\" content=\"Contato - 15\u00aa CONVEN\u00c7\u00c3O BRASILEIRA DE HOSPITAIS - CBH\" \/>\n<meta property=\"og:description\" content=\"Contato Preencha o formul\u00e1rio\" \/>\n<meta property=\"og:url\" content=\"https:\/\/fbh.com.br\/convencao\/contato\/\" \/>\n<meta property=\"og:site_name\" content=\"15\u00aa CONVEN\u00c7\u00c3O BRASILEIRA DE HOSPITAIS - CBH\" \/>\n<meta property=\"article:publisher\" content=\"https:\/\/www.facebook.com\/federacaobrasileirahospitais\" \/>\n<meta property=\"article:modified_time\" content=\"2024-11-27T17:16:21+00:00\" \/>\n<meta property=\"og:image\" content=\"https:\/\/fbh.com.br\/convencao\/wp-content\/uploads\/2023\/05\/img.jpg\" \/>\n\t<meta property=\"og:image:width\" content=\"602\" \/>\n\t<meta property=\"og:image:height\" content=\"400\" \/>\n\t<meta property=\"og:image:type\" content=\"image\/jpeg\" \/>\n<meta name=\"twitter:card\" content=\"summary_large_image\" \/>\n<meta name=\"twitter:site\" content=\"@premiosynapsis\" \/>\n<meta name=\"twitter:label1\" content=\"Est. tempo de leitura\" \/>\n\t<meta name=\"twitter:data1\" content=\"1 minuto\" \/>\n<script type=\"application\/ld+json\" class=\"yoast-schema-graph\">{\"@context\":\"https:\/\/schema.org\",\"@graph\":[{\"@type\":\"WebPage\",\"@id\":\"https:\/\/fbh.com.br\/convencao\/contato\/\",\"url\":\"https:\/\/fbh.com.br\/convencao\/contato\/\",\"name\":\"Contato - 15\u00aa CONVEN\u00c7\u00c3O BRASILEIRA DE HOSPITAIS - CBH\",\"isPartOf\":{\"@id\":\"https:\/\/fbh.com.br\/convencao\/#website\"},\"datePublished\":\"2019-11-15T04:59:00+00:00\",\"dateModified\":\"2024-11-27T17:16:21+00:00\",\"breadcrumb\":{\"@id\":\"https:\/\/fbh.com.br\/convencao\/contato\/#breadcrumb\"},\"inLanguage\":\"pt-BR\",\"potentialAction\":[{\"@type\":\"ReadAction\",\"target\":[\"https:\/\/fbh.com.br\/convencao\/contato\/\"]}]},{\"@type\":\"BreadcrumbList\",\"@id\":\"https:\/\/fbh.com.br\/convencao\/contato\/#breadcrumb\",\"itemListElement\":[{\"@type\":\"ListItem\",\"position\":1,\"name\":\"In\u00edcio\",\"item\":\"https:\/\/fbh.com.br\/convencao\/\"},{\"@type\":\"ListItem\",\"position\":2,\"name\":\"Contato\"}]},{\"@type\":\"WebSite\",\"@id\":\"https:\/\/fbh.com.br\/convencao\/#website\",\"url\":\"https:\/\/fbh.com.br\/convencao\/\",\"name\":\"15\u00aa CONVEN\u00c7\u00c3O BRASILEIRA DE HOSPITAIS - CBH\",\"description\":\"A 15\u00aa Conven\u00e7\u00e3o Brasileira de Hospitais (15\u00aa CBH), que acontecer\u00e1 no Expo Mag e vai transformar a Cidade Maravilhosa no ponto de encontro estrat\u00e9gico entre gestores hospitalares, lideran\u00e7as institucionais e governamentais, al\u00e9m de empresas l\u00edderes em tecnologia e inova\u00e7\u00e3o em servi\u00e7os de sa\u00fade. O evento, considerado um dos pioneiros no setor, ter\u00e1 como tema central \u201cGest\u00e3o, qualifica\u00e7\u00e3o e acredita\u00e7\u00e3o dos hospitais para o desenvolvimento do Setor Sa\u00fade.\u201d.\",\"publisher\":{\"@id\":\"https:\/\/fbh.com.br\/convencao\/#organization\"},\"potentialAction\":[{\"@type\":\"SearchAction\",\"target\":{\"@type\":\"EntryPoint\",\"urlTemplate\":\"https:\/\/fbh.com.br\/convencao\/?s={search_term_string}\"},\"query-input\":\"required name=search_term_string\"}],\"inLanguage\":\"pt-BR\"},{\"@type\":\"Organization\",\"@id\":\"https:\/\/fbh.com.br\/convencao\/#organization\",\"name\":\"15\u00aa Conven\u00e7\u00e3o Brasileira de Hospitais (14\u00aa CBH)\",\"url\":\"https:\/\/fbh.com.br\/convencao\/\",\"logo\":{\"@type\":\"ImageObject\",\"inLanguage\":\"pt-BR\",\"@id\":\"https:\/\/fbh.com.br\/convencao\/#\/schema\/logo\/image\/\",\"url\":\"https:\/\/fbh.com.br\/convencao\/wp-content\/uploads\/2024\/07\/logo_15a_CBH-png-02.png\",\"contentUrl\":\"https:\/\/fbh.com.br\/convencao\/wp-content\/uploads\/2024\/07\/logo_15a_CBH-png-02.png\",\"width\":1200,\"height\":1199,\"caption\":\"15\u00aa Conven\u00e7\u00e3o Brasileira de Hospitais (14\u00aa CBH)\"},\"image\":{\"@id\":\"https:\/\/fbh.com.br\/convencao\/#\/schema\/logo\/image\/\"},\"sameAs\":[\"https:\/\/www.facebook.com\/federacaobrasileirahospitais\",\"https:\/\/twitter.com\/premiosynapsis\"]}]}<\/script>\n<!-- \/ Yoast SEO plugin. -->","yoast_head_json":{"title":"Contato - 15\u00aa CONVEN\u00c7\u00c3O BRASILEIRA DE HOSPITAIS - CBH","robots":{"index":"index","follow":"follow","max-snippet":"max-snippet:-1","max-image-preview":"max-image-preview:large","max-video-preview":"max-video-preview:-1"},"canonical":"https:\/\/fbh.com.br\/convencao\/contato\/","og_locale":"pt_BR","og_type":"article","og_title":"Contato - 15\u00aa CONVEN\u00c7\u00c3O BRASILEIRA DE HOSPITAIS - CBH","og_description":"Contato Preencha o formul\u00e1rio","og_url":"https:\/\/fbh.com.br\/convencao\/contato\/","og_site_name":"15\u00aa CONVEN\u00c7\u00c3O BRASILEIRA DE HOSPITAIS - CBH","article_publisher":"https:\/\/www.facebook.com\/federacaobrasileirahospitais","article_modified_time":"2024-11-27T17:16:21+00:00","og_image":[{"width":602,"height":400,"url":"https:\/\/fbh.com.br\/convencao\/wp-content\/uploads\/2023\/05\/img.jpg","type":"image\/jpeg"}],"twitter_card":"summary_large_image","twitter_site":"@premiosynapsis","twitter_misc":{"Est. tempo de leitura":"1 minuto"},"schema":{"@context":"https:\/\/schema.org","@graph":[{"@type":"WebPage","@id":"https:\/\/fbh.com.br\/convencao\/contato\/","url":"https:\/\/fbh.com.br\/convencao\/contato\/","name":"Contato - 15\u00aa CONVEN\u00c7\u00c3O BRASILEIRA DE HOSPITAIS - CBH","isPartOf":{"@id":"https:\/\/fbh.com.br\/convencao\/#website"},"datePublished":"2019-11-15T04:59:00+00:00","dateModified":"2024-11-27T17:16:21+00:00","breadcrumb":{"@id":"https:\/\/fbh.com.br\/convencao\/contato\/#breadcrumb"},"inLanguage":"pt-BR","potentialAction":[{"@type":"ReadAction","target":["https:\/\/fbh.com.br\/convencao\/contato\/"]}]},{"@type":"BreadcrumbList","@id":"https:\/\/fbh.com.br\/convencao\/contato\/#breadcrumb","itemListElement":[{"@type":"ListItem","position":1,"name":"In\u00edcio","item":"https:\/\/fbh.com.br\/convencao\/"},{"@type":"ListItem","position":2,"name":"Contato"}]},{"@type":"WebSite","@id":"https:\/\/fbh.com.br\/convencao\/#website","url":"https:\/\/fbh.com.br\/convencao\/","name":"15\u00aa CONVEN\u00c7\u00c3O BRASILEIRA DE HOSPITAIS - CBH","description":"A 15\u00aa Conven\u00e7\u00e3o Brasileira de Hospitais (15\u00aa CBH), que acontecer\u00e1 no Expo Mag e vai transformar a Cidade Maravilhosa no ponto de encontro estrat\u00e9gico entre gestores hospitalares, lideran\u00e7as institucionais e governamentais, al\u00e9m de empresas l\u00edderes em tecnologia e inova\u00e7\u00e3o em servi\u00e7os de sa\u00fade. O evento, considerado um dos pioneiros no setor, ter\u00e1 como tema central \u201cGest\u00e3o, qualifica\u00e7\u00e3o e acredita\u00e7\u00e3o dos hospitais para o desenvolvimento do Setor Sa\u00fade.\u201d.","publisher":{"@id":"https:\/\/fbh.com.br\/convencao\/#organization"},"potentialAction":[{"@type":"SearchAction","target":{"@type":"EntryPoint","urlTemplate":"https:\/\/fbh.com.br\/convencao\/?s={search_term_string}"},"query-input":"required name=search_term_string"}],"inLanguage":"pt-BR"},{"@type":"Organization","@id":"https:\/\/fbh.com.br\/convencao\/#organization","name":"15\u00aa Conven\u00e7\u00e3o Brasileira de Hospitais (14\u00aa CBH)","url":"https:\/\/fbh.com.br\/convencao\/","logo":{"@type":"ImageObject","inLanguage":"pt-BR","@id":"https:\/\/fbh.com.br\/convencao\/#\/schema\/logo\/image\/","url":"https:\/\/fbh.com.br\/convencao\/wp-content\/uploads\/2024\/07\/logo_15a_CBH-png-02.png","contentUrl":"https:\/\/fbh.com.br\/convencao\/wp-content\/uploads\/2024\/07\/logo_15a_CBH-png-02.png","width":1200,"height":1199,"caption":"15\u00aa Conven\u00e7\u00e3o Brasileira de Hospitais (14\u00aa CBH)"},"image":{"@id":"https:\/\/fbh.com.br\/convencao\/#\/schema\/logo\/image\/"},"sameAs":["https:\/\/www.facebook.com\/federacaobrasileirahospitais","https:\/\/twitter.com\/premiosynapsis"]}]}},"_links":{"self":[{"href":"https:\/\/fbh.com.br\/convencao\/wp-json\/wp\/v2\/pages\/12","targetHints":{"allow":["GET"]}}],"collection":[{"href":"https:\/\/fbh.com.br\/convencao\/wp-json\/wp\/v2\/pages"}],"about":[{"href":"https:\/\/fbh.com.br\/convencao\/wp-json\/wp\/v2\/types\/page"}],"author":[{"embeddable":true,"href":"https:\/\/fbh.com.br\/convencao\/wp-json\/wp\/v2\/users\/1"}],"replies":[{"embeddable":true,"href":"https:\/\/fbh.com.br\/convencao\/wp-json\/wp\/v2\/comments?post=12"}],"version-history":[{"count":41,"href":"https:\/\/fbh.com.br\/convencao\/wp-json\/wp\/v2\/pages\/12\/revisions"}],"predecessor-version":[{"id":2873,"href":"https:\/\/fbh.com.br\/convencao\/wp-json\/wp\/v2\/pages\/12\/revisions\/2873"}],"wp:attachment":[{"href":"https:\/\/fbh.com.br\/convencao\/wp-json\/wp\/v2\/media?parent=12"}],"curies":[{"name":"wp","href":"https:\/\/api.w.org\/{rel}","templated":true}]}}