{"id":10,"date":"2019-11-15T01:54:56","date_gmt":"2019-11-15T04:54:56","guid":{"rendered":"http:\/\/demosoledad.pencidesign.com\/soledad-finance-consulting-multipurpose\/?page_id=10"},"modified":"2025-06-04T15:01:13","modified_gmt":"2025-06-04T18:01:13","slug":"regulamento","status":"publish","type":"page","link":"https:\/\/fbh.com.br\/premio-synapsis\/regulamento\/","title":{"rendered":"Regulamento"},"content":{"rendered":"\t\t<div data-elementor-type=\"wp-page\" data-elementor-id=\"10\" class=\"elementor elementor-10\" data-elementor-post-type=\"page\">\n\t\t\t\t\t\t<section class=\"penci-section penci-dmcheck penci-elbg-activate penci-disSticky penci-structure-10 elementor-section elementor-top-section elementor-element elementor-element-1227b40 elementor-section-boxed elementor-section-height-default elementor-section-height-default\" data-id=\"1227b40\" data-element_type=\"section\" data-settings=\"{&quot;background_background&quot;:&quot;classic&quot;}\">\n\t\t\t\t\t\t<div class=\"elementor-container elementor-column-gap-no\">\n\t\t\t\t\t<div class=\"penci-ercol-100 penci-ercol-order-1 penci-sticky-ct    elementor-column elementor-col-100 elementor-top-column elementor-element elementor-element-99341bc\" data-id=\"99341bc\" data-element_type=\"column\">\n\t\t\t<div class=\"elementor-widget-wrap elementor-element-populated\">\n\t\t\t\t\t\t<div class=\"elementor-element elementor-element-ca375a8 elementor-widget elementor-widget-penci-fancy_heading\" data-id=\"ca375a8\" data-element_type=\"widget\" data-widget_type=\"penci-fancy_heading.default\">\n\t\t\t\t<div class=\"elementor-widget-container\">\n\t\t\t\t\t\t\t<div class=\"penci-fancy-heading penci-heading-text-center\">\n\t\t\t<div class=\"penci-fancy-heading-inner\">\n\t\t\t\t<h2 class=\"penci-heading-title\"><span class=\"inner-tit\">Conhe\u00e7a o regulamento<\/span><\/h2>\t\t\t<\/div>\n\t\t<\/div>\n\t\t\t\t\t\t<\/div>\n\t\t\t\t<\/div>\n\t\t\t\t<div class=\"elementor-element elementor-element-473e1e4 elementor-widget elementor-widget-penci-fancy_heading\" data-id=\"473e1e4\" data-element_type=\"widget\" data-widget_type=\"penci-fancy_heading.default\">\n\t\t\t\t<div class=\"elementor-widget-container\">\n\t\t\t\t\t\t\t<div class=\"penci-fancy-heading penci-heading-text-center\">\n\t\t\t<div class=\"penci-fancy-heading-inner\">\n\t\t\t\t<h2 class=\"penci-heading-title\"><span class=\"inner-tit\">Regulamento da Vota\u00e7\u00e3o P\u00fablica<\/span><\/h2>\t\t\t<\/div>\n\t\t<\/div>\n\t\t\t\t\t\t<\/div>\n\t\t\t\t<\/div>\n\t\t\t\t\t<\/div>\n\t\t<\/div>\n\t\t\t\t\t<\/div>\n\t\t<\/section>\n\t\t\t\t<section class=\"penci-section penci-disSticky penci-structure-10 elementor-section elementor-top-section elementor-element elementor-element-768fb72 elementor-section-content-top elementor-section-boxed elementor-section-height-default elementor-section-height-default\" data-id=\"768fb72\" data-element_type=\"section\">\n\t\t\t\t\t\t<div class=\"elementor-container elementor-column-gap-extended\">\n\t\t\t\t\t<div class=\"penci-ercol-100 penci-ercol-order-1 penci-sticky-ct    elementor-column elementor-col-100 elementor-top-column elementor-element elementor-element-37ba6ac\" data-id=\"37ba6ac\" data-element_type=\"column\">\n\t\t\t<div class=\"elementor-widget-wrap elementor-element-populated\">\n\t\t\t\t\t\t<div class=\"elementor-element elementor-element-9fc667d elementor-widget elementor-widget-penci-text-block\" data-id=\"9fc667d\" data-element_type=\"widget\" data-widget_type=\"penci-text-block.default\">\n\t\t\t\t<div class=\"elementor-widget-container\">\n\t\t\t\t\t\t\t<div class=\"penci-block-vc penci-text-editor\">\n\t\t\t\t\t\t<div class=\"penci-block_content\">\n\t\t\t\t<div class=\"elementor-text-editor elementor-clearfix\"><h2><b>Edi\u00e7\u00e3o Especial do Pr\u00eamio Synapsis FBH de Jornalismo 2025<\/b><\/h2><ol><li><b> APRESENTA\u00c7\u00c3O<\/b><\/li><\/ol><p><span style=\"font-weight: 400;\">A Federa\u00e7\u00e3o Brasileira de Hospitais (FBH), em comemora\u00e7\u00e3o ao Dia do Hospital (02 de julho), realiza a 8\u00aa Edi\u00e7\u00e3o Especial do Pr\u00eamio Synapsis FBH de Jornalismo, com o objetivo de reconhecer, valorizar e resgatar reportagens de destaque que contribu\u00edram para o debate e a dissemina\u00e7\u00e3o do conhecimento no setor de sa\u00fade.<\/span><\/p><p><span style=\"font-weight: 400;\">Nesta edi\u00e7\u00e3o comemorativa, que conta com a parceria da Frente Parlamentar Mista em Defesa dos Servi\u00e7os de Sa\u00fade, ser\u00e1 realizada uma vota\u00e7\u00e3o p\u00fablica on-line para que a sociedade escolha a reportagem mais relevante de cada uma das sete edi\u00e7\u00f5es anteriores, promovidas entre os anos de 2016 e 2023.<\/span><\/p><h3><b><br \/><\/b><b>2. OBJETIVO DA VOTA\u00c7\u00c3O<\/b><\/h3><p><span style=\"font-weight: 400;\">2.1- Selecionar, por meio de vota\u00e7\u00e3o p\u00fablica on-line, uma reportagem vencedora de cada edi\u00e7\u00e3o anterior do Pr\u00eamio Synapsis FBH de Jornalismo, totalizando sete homenageados.<\/span><\/p><p><span style=\"font-weight: 400;\">2.2- As reportagens eleitas ser\u00e3o homenageadas durante a cerim\u00f4nia da 8\u00aa Edi\u00e7\u00e3o Especial, no dia 02 de julho de 2025, \u00e0s 17h, no Audit\u00f3rio Nereu Ramos, na C\u00e2mara dos Deputados, em Bras\u00edlia\/DF.<\/span><\/p><h3><b><br \/><\/b><b>3. PER\u00cdODO DE VOTA\u00c7\u00c3O<\/b><\/h3><p><span style=\"font-weight: 400;\">3.1 &#8211; A vota\u00e7\u00e3o estar\u00e1 dispon\u00edvel a partir de 05 de junho de 2025 e se encerrar\u00e1 \u00e0s 23h59 do dia 20 de junho de 2025 (hor\u00e1rio de Bras\u00edlia).<\/span><\/p><p>\u00a0<\/p><p><span style=\"font-weight: 400;\">3.2- Os resultados ser\u00e3o apurados e validados pela Comiss\u00e3o Organizadora da FBH at\u00e9 o dia 25 de junho de 2025.<\/span><\/p><p>\u00a0<\/p><h3><b>4. COMO PARTICIPAR DA VOTA\u00c7\u00c3O<\/b><\/h3><p><span style=\"font-weight: 400;\">4.1- A vota\u00e7\u00e3o ser\u00e1 realizada exclusivamente on-line, por meio de plataforma digital acess\u00edvel no site oficial da FBH:<\/span><span style=\"font-weight: 400;\"><br \/><\/span><a href=\"http:\/\/www.fbh.com.br\/synapsis\"> <span style=\"font-weight: 400;\">www.fbh.com.br\/synapsis<\/span><\/a><\/p><p>\u00a0<\/p><p><span style=\"font-weight: 400;\">4.2- Cada participante poder\u00e1 votar uma vez por edi\u00e7\u00e3o, escolhendo uma reportagem finalista por ano.<\/span><\/p><p>\u00a0<\/p><p><span style=\"font-weight: 400;\">4.3- Para validar o voto, ser\u00e1 obrigat\u00f3rio o preenchimento de nome completo e e-mail v\u00e1lido.<\/span><\/p><p>\u00a0<\/p><p><span style=\"font-weight: 400;\">4.4- Os dados fornecidos ser\u00e3o utilizados apenas para fins de valida\u00e7\u00e3o do voto, conforme as normas da Lei Geral de Prote\u00e7\u00e3o de Dados (LGPD).<\/span><\/p><p>\u00a0<\/p><h3><b>5. CRIT\u00c9RIOS DE SELE\u00c7\u00c3O DAS REPORTAGENS FINALISTAS<\/b><\/h3><p><span style=\"font-weight: 400;\">As reportagens dispon\u00edveis para vota\u00e7\u00e3o foram selecionadas previamente pela curadoria do pr\u00eamio, com base nos seguintes crit\u00e9rios:<br \/><br \/><\/span><\/p><p><span style=\"font-weight: 400;\"><strong>&#8211;\u00a0<\/strong> Impacto informativo e relev\u00e2ncia para o setor hospitalar;<\/span><\/p><p><span style=\"font-weight: 400;\"><strong>&#8211;\u00a0<\/strong> Qualidade t\u00e9cnica e jornal\u00edstica;<\/span><\/p><p><span style=\"font-weight: 400;\"><strong>&#8211;\u00a0<\/strong> Contribui\u00e7\u00e3o para o debate sobre sa\u00fade p\u00fablica e privada no Brasil;<\/span><\/p><p><span style=\"font-weight: 400;\"><strong>&#8211;\u00a0<\/strong> Alcance e repercuss\u00e3o p\u00fablica.<br \/><br \/><\/span><\/p><h3><b>6. APURA\u00c7\u00c3O DOS RESULTADOS<\/b><\/h3><p><span style=\"font-weight: 400;\">6.1- Ser\u00e1 considerada vencedora, em cada edi\u00e7\u00e3o, a reportagem que obtiver o maior n\u00famero de votos v\u00e1lidos.<\/span><\/p><p>\u00a0<\/p><p><span style=\"font-weight: 400;\">6.2- Em caso de empate, a curadoria da FBH realizar\u00e1 a escolha final, com base nos crit\u00e9rios t\u00e9cnicos estabelecidos no item 5.<\/span><\/p><p>\u00a0<\/p><p><span style=\"font-weight: 400;\">6.3- Os sete jornalistas autores das reportagens vencedoras ser\u00e3o oficialmente homenageados durante a cerim\u00f4nia da 8\u00aa Edi\u00e7\u00e3o Especial.<\/span><\/p><p>\u00a0<\/p><h3><b>7. PREMIA\u00c7\u00c3O E HOMENAGEM<\/b><\/h3><p><span style=\"font-weight: 400;\">7.1- Os autores das reportagens mais votadas ser\u00e3o convidados especiais da cerim\u00f4nia de premia\u00e7\u00e3o e receber\u00e3o certificado e trof\u00e9u simb\u00f3lico de \u201cJornalista Homenageado \u2013 Edi\u00e7\u00e3o Especial do Pr\u00eamio Synapsis FBH\u201d.<\/span><\/p><p>\u00a0<\/p><p><span style=\"font-weight: 400;\">7.2- A FBH ser\u00e1 respons\u00e1vel pela produ\u00e7\u00e3o do material de divulga\u00e7\u00e3o e pelo credenciamento dos homenageados.<\/span><\/p><p>\u00a0<\/p><p><span style=\"font-weight: 400;\">7.3- Esta premia\u00e7\u00e3o \u00e9 de car\u00e1ter simb\u00f3lico, n\u00e3o contempla remunera\u00e7\u00e3o financeira, nem o custeio de despesas com transporte, alimenta\u00e7\u00e3o ou hospedagem.<\/span><\/p><p>\u00a0<\/p><h3><b>8. DISPOSI\u00c7\u00d5ES GERAIS<\/b><\/h3><p><span style=\"font-weight: 400;\">8.1- A participa\u00e7\u00e3o na vota\u00e7\u00e3o implica na aceita\u00e7\u00e3o plena e irrestrita deste regulamento.<\/span><\/p><p>\u00a0<\/p><p><span style=\"font-weight: 400;\">8.2- Situa\u00e7\u00f5es n\u00e3o previstas neste regulamento ser\u00e3o analisadas e decididas pela Comiss\u00e3o Organizadora da FBH.<\/span><\/p><p>\u00a0<\/p><p style=\"text-align: left;\"><span style=\"font-weight: 400;\">8.3- D\u00favidas e solicita\u00e7\u00f5es de informa\u00e7\u00f5es devem ser encaminhadas para:<\/span><span style=\"font-weight: 400;\"><br \/><\/span><span style=\"font-weight: 400;\"> \ud83d\udce7 comunicacao@fbh.com.br<\/span><span style=\"font-weight: 400;\"><br \/><\/span><\/p><\/div>\n\t\t\t<\/div>\n\t\t<\/div>\n\t\t\t\t\t\t<\/div>\n\t\t\t\t<\/div>\n\t\t\t\t\t<\/div>\n\t\t<\/div>\n\t\t\t\t\t<\/div>\n\t\t<\/section>\n\t\t\t\t<\/div>\n\t\t","protected":false},"excerpt":{"rendered":"<p>Conhe\u00e7a o regulamento Regulamento da Vota\u00e7\u00e3o P\u00fablica Edi\u00e7\u00e3o Especial do Pr\u00eamio Synapsis FBH de Jornalismo 2025 APRESENTA\u00c7\u00c3O A Federa\u00e7\u00e3o Brasileira de Hospitais (FBH), em comemora\u00e7\u00e3o ao Dia do Hospital (02&hellip;<\/p>\n","protected":false},"author":1,"featured_media":0,"parent":0,"menu_order":0,"comment_status":"closed","ping_status":"closed","template":"page-fullwidth.php","meta":{"_lmt_disableupdate":"","_lmt_disable":"","footnotes":""},"class_list":["post-10","page","type-page","status-publish","hentry"],"yoast_head":"<!-- This site is optimized with the Yoast SEO plugin v25.2 - https:\/\/yoast.com\/wordpress\/plugins\/seo\/ -->\n<title>Regulamento - Pr\u00eamio Synapsis de Jornalismo<\/title>\n<meta name=\"robots\" content=\"index, follow, max-snippet:-1, max-image-preview:large, max-video-preview:-1\" \/>\n<link rel=\"canonical\" href=\"https:\/\/fbh.com.br\/premio-synapsis\/regulamento\/\" \/>\n<meta property=\"og:locale\" content=\"pt_BR\" \/>\n<meta property=\"og:type\" content=\"article\" \/>\n<meta property=\"og:title\" content=\"Regulamento - Pr\u00eamio Synapsis de Jornalismo\" \/>\n<meta property=\"og:description\" content=\"Conhe\u00e7a o regulamento Regulamento da Vota\u00e7\u00e3o P\u00fablica Edi\u00e7\u00e3o Especial do Pr\u00eamio Synapsis FBH de Jornalismo 2025 APRESENTA\u00c7\u00c3O A Federa\u00e7\u00e3o Brasileira de Hospitais (FBH), em comemora\u00e7\u00e3o ao Dia do Hospital (02&hellip;\" \/>\n<meta property=\"og:url\" content=\"https:\/\/fbh.com.br\/premio-synapsis\/regulamento\/\" \/>\n<meta property=\"og:site_name\" content=\"Pr\u00eamio Synapsis de Jornalismo\" \/>\n<meta property=\"article:publisher\" content=\"https:\/\/www.facebook.com\/premiosynapsisfbh\/\" \/>\n<meta property=\"article:modified_time\" content=\"2025-06-04T18:01:13+00:00\" \/>\n<meta name=\"twitter:card\" content=\"summary_large_image\" \/>\n<meta name=\"twitter:site\" content=\"@premiosynapsis\" \/>\n<meta name=\"twitter:label1\" content=\"Est. tempo de leitura\" \/>\n\t<meta name=\"twitter:data1\" content=\"3 minutos\" \/>\n<script type=\"application\/ld+json\" class=\"yoast-schema-graph\">{\"@context\":\"https:\/\/schema.org\",\"@graph\":[{\"@type\":\"WebPage\",\"@id\":\"https:\/\/fbh.com.br\/premio-synapsis\/regulamento\/\",\"url\":\"https:\/\/fbh.com.br\/premio-synapsis\/regulamento\/\",\"name\":\"Regulamento - Pr\u00eamio Synapsis de Jornalismo\",\"isPartOf\":{\"@id\":\"https:\/\/fbh.com.br\/premio-synapsis\/#website\"},\"datePublished\":\"2019-11-15T04:54:56+00:00\",\"dateModified\":\"2025-06-04T18:01:13+00:00\",\"breadcrumb\":{\"@id\":\"https:\/\/fbh.com.br\/premio-synapsis\/regulamento\/#breadcrumb\"},\"inLanguage\":\"pt-BR\",\"potentialAction\":[{\"@type\":\"ReadAction\",\"target\":[\"https:\/\/fbh.com.br\/premio-synapsis\/regulamento\/\"]}]},{\"@type\":\"BreadcrumbList\",\"@id\":\"https:\/\/fbh.com.br\/premio-synapsis\/regulamento\/#breadcrumb\",\"itemListElement\":[{\"@type\":\"ListItem\",\"position\":1,\"name\":\"In\u00edcio\",\"item\":\"https:\/\/fbh.com.br\/premio-synapsis\/\"},{\"@type\":\"ListItem\",\"position\":2,\"name\":\"Regulamento\"}]},{\"@type\":\"WebSite\",\"@id\":\"https:\/\/fbh.com.br\/premio-synapsis\/#website\",\"url\":\"https:\/\/fbh.com.br\/premio-synapsis\/\",\"name\":\"Pr\u00eamio Synapsis de Jornalismo\",\"description\":\"\",\"potentialAction\":[{\"@type\":\"SearchAction\",\"target\":{\"@type\":\"EntryPoint\",\"urlTemplate\":\"https:\/\/fbh.com.br\/premio-synapsis\/?s={search_term_string}\"},\"query-input\":{\"@type\":\"PropertyValueSpecification\",\"valueRequired\":true,\"valueName\":\"search_term_string\"}}],\"inLanguage\":\"pt-BR\"}]}<\/script>\n<!-- \/ Yoast SEO plugin. -->","yoast_head_json":{"title":"Regulamento - Pr\u00eamio Synapsis de Jornalismo","robots":{"index":"index","follow":"follow","max-snippet":"max-snippet:-1","max-image-preview":"max-image-preview:large","max-video-preview":"max-video-preview:-1"},"canonical":"https:\/\/fbh.com.br\/premio-synapsis\/regulamento\/","og_locale":"pt_BR","og_type":"article","og_title":"Regulamento - Pr\u00eamio Synapsis de Jornalismo","og_description":"Conhe\u00e7a o regulamento Regulamento da Vota\u00e7\u00e3o P\u00fablica Edi\u00e7\u00e3o Especial do Pr\u00eamio Synapsis FBH de Jornalismo 2025 APRESENTA\u00c7\u00c3O A Federa\u00e7\u00e3o Brasileira de Hospitais (FBH), em comemora\u00e7\u00e3o ao Dia do Hospital (02&hellip;","og_url":"https:\/\/fbh.com.br\/premio-synapsis\/regulamento\/","og_site_name":"Pr\u00eamio Synapsis de Jornalismo","article_publisher":"https:\/\/www.facebook.com\/premiosynapsisfbh\/","article_modified_time":"2025-06-04T18:01:13+00:00","twitter_card":"summary_large_image","twitter_site":"@premiosynapsis","twitter_misc":{"Est. tempo de leitura":"3 minutos"},"schema":{"@context":"https:\/\/schema.org","@graph":[{"@type":"WebPage","@id":"https:\/\/fbh.com.br\/premio-synapsis\/regulamento\/","url":"https:\/\/fbh.com.br\/premio-synapsis\/regulamento\/","name":"Regulamento - Pr\u00eamio Synapsis de Jornalismo","isPartOf":{"@id":"https:\/\/fbh.com.br\/premio-synapsis\/#website"},"datePublished":"2019-11-15T04:54:56+00:00","dateModified":"2025-06-04T18:01:13+00:00","breadcrumb":{"@id":"https:\/\/fbh.com.br\/premio-synapsis\/regulamento\/#breadcrumb"},"inLanguage":"pt-BR","potentialAction":[{"@type":"ReadAction","target":["https:\/\/fbh.com.br\/premio-synapsis\/regulamento\/"]}]},{"@type":"BreadcrumbList","@id":"https:\/\/fbh.com.br\/premio-synapsis\/regulamento\/#breadcrumb","itemListElement":[{"@type":"ListItem","position":1,"name":"In\u00edcio","item":"https:\/\/fbh.com.br\/premio-synapsis\/"},{"@type":"ListItem","position":2,"name":"Regulamento"}]},{"@type":"WebSite","@id":"https:\/\/fbh.com.br\/premio-synapsis\/#website","url":"https:\/\/fbh.com.br\/premio-synapsis\/","name":"Pr\u00eamio Synapsis de Jornalismo","description":"","potentialAction":[{"@type":"SearchAction","target":{"@type":"EntryPoint","urlTemplate":"https:\/\/fbh.com.br\/premio-synapsis\/?s={search_term_string}"},"query-input":{"@type":"PropertyValueSpecification","valueRequired":true,"valueName":"search_term_string"}}],"inLanguage":"pt-BR"}]}},"_links":{"self":[{"href":"https:\/\/fbh.com.br\/premio-synapsis\/wp-json\/wp\/v2\/pages\/10","targetHints":{"allow":["GET"]}}],"collection":[{"href":"https:\/\/fbh.com.br\/premio-synapsis\/wp-json\/wp\/v2\/pages"}],"about":[{"href":"https:\/\/fbh.com.br\/premio-synapsis\/wp-json\/wp\/v2\/types\/page"}],"author":[{"embeddable":true,"href":"https:\/\/fbh.com.br\/premio-synapsis\/wp-json\/wp\/v2\/users\/1"}],"replies":[{"embeddable":true,"href":"https:\/\/fbh.com.br\/premio-synapsis\/wp-json\/wp\/v2\/comments?post=10"}],"version-history":[{"count":49,"href":"https:\/\/fbh.com.br\/premio-synapsis\/wp-json\/wp\/v2\/pages\/10\/revisions"}],"predecessor-version":[{"id":747,"href":"https:\/\/fbh.com.br\/premio-synapsis\/wp-json\/wp\/v2\/pages\/10\/revisions\/747"}],"wp:attachment":[{"href":"https:\/\/fbh.com.br\/premio-synapsis\/wp-json\/wp\/v2\/media?parent=10"}],"curies":[{"name":"wp","href":"https:\/\/api.w.org\/{rel}","templated":true}]}}