{"id":407,"date":"2020-11-06T17:01:21","date_gmt":"2020-11-06T20:01:21","guid":{"rendered":"http:\/\/rafaelteodoro.com.br\/site\/premio-synapsis\/?page_id=407"},"modified":"2022-08-05T08:42:20","modified_gmt":"2022-08-05T11:42:20","slug":"faq","status":"publish","type":"page","link":"https:\/\/fbh.com.br\/premio-synapsis\/faq\/","title":{"rendered":"FAQ"},"content":{"rendered":"\t\t<div data-elementor-type=\"wp-page\" data-elementor-id=\"407\" class=\"elementor elementor-407\" data-elementor-post-type=\"page\">\n\t\t\t\t\t\t<section class=\"penci-section penci-dmcheck penci-elbg-activate penci-disSticky penci-structure-10 elementor-section elementor-top-section elementor-element elementor-element-1227b40 elementor-section-boxed elementor-section-height-default elementor-section-height-default\" data-id=\"1227b40\" data-element_type=\"section\" data-settings=\"{&quot;background_background&quot;:&quot;classic&quot;}\">\n\t\t\t\t\t\t<div class=\"elementor-container elementor-column-gap-no\">\n\t\t\t\t\t<div class=\"penci-ercol-100 penci-ercol-order-1 penci-sticky-ct    elementor-column elementor-col-100 elementor-top-column elementor-element elementor-element-99341bc\" data-id=\"99341bc\" data-element_type=\"column\">\n\t\t\t<div class=\"elementor-widget-wrap elementor-element-populated\">\n\t\t\t\t\t\t<div class=\"elementor-element elementor-element-ca375a8 elementor-widget elementor-widget-penci-fancy_heading\" data-id=\"ca375a8\" data-element_type=\"widget\" data-widget_type=\"penci-fancy_heading.default\">\n\t\t\t\t<div class=\"elementor-widget-container\">\n\t\t\t\t\t\t\t<div class=\"penci-fancy-heading penci-heading-text-center\">\n\t\t\t<div class=\"penci-fancy-heading-inner\">\n\t\t\t\t<h2 class=\"penci-heading-title\"><span class=\"inner-tit\">Perguntas Frequentes<\/span><\/h2>\t\t\t<\/div>\n\t\t<\/div>\n\t\t\t\t\t\t<\/div>\n\t\t\t\t<\/div>\n\t\t\t\t\t<\/div>\n\t\t<\/div>\n\t\t\t\t\t<\/div>\n\t\t<\/section>\n\t\t\t\t<section class=\"penci-section penci-disSticky penci-structure-10 elementor-section elementor-top-section elementor-element elementor-element-768fb72 elementor-section-content-top elementor-section-boxed elementor-section-height-default elementor-section-height-default\" data-id=\"768fb72\" data-element_type=\"section\">\n\t\t\t\t\t\t<div class=\"elementor-container elementor-column-gap-extended\">\n\t\t\t\t\t<div class=\"penci-ercol-100 penci-ercol-order-1 penci-sticky-ct    elementor-column elementor-col-100 elementor-top-column elementor-element elementor-element-37ba6ac\" data-id=\"37ba6ac\" data-element_type=\"column\">\n\t\t\t<div class=\"elementor-widget-wrap elementor-element-populated\">\n\t\t\t\t\t\t<div class=\"elementor-element elementor-element-9fc667d elementor-widget elementor-widget-penci-text-block\" data-id=\"9fc667d\" data-element_type=\"widget\" data-widget_type=\"penci-text-block.default\">\n\t\t\t\t<div class=\"elementor-widget-container\">\n\t\t\t\t\t\t\t<div class=\"penci-block-vc penci-text-editor\">\n\t\t\t\t\t\t<div class=\"penci-block_content\">\n\t\t\t\t<div class=\"elementor-text-editor elementor-clearfix\"><p style=\"text-align: center;\"><strong>FAQ<\/strong><\/p><p><strong>1. COMO SE INSCREVER?<\/strong><\/p><p>\u00a0<\/p><p>Para se inscrever no Pr\u00eamio Synapsis FBH de Jornalismo 2022, o participante dever\u00e1 preencher todos os campos do formul\u00e1rio de inscri\u00e7\u00e3o dispon\u00edvel no\u00a0<a href=\"https:\/\/fbh.com.br\/premio-synapsis\/inscricoes\/\"><strong>site.<\/strong><\/a><\/p><p>\u00a0<\/p><p><strong>2. QUAL O PER\u00cdODO DE INSCRI\u00c7\u00c3O?<\/strong><\/p><p>\u00a0<\/p><p>As inscri\u00e7\u00f5es ocorrem de 05\/08\/2022 \u00e0 05\/10\/2022. \u00a0<\/p><p>\u00a0<\/p><p><strong>3. EM QUAIS CATEGORIAS POSSO ME INSCREVER?<\/strong><\/p><p>\u00a0<\/p><p>O Pr\u00eamio Synapsis FBH 2022 reconhecer\u00e1 as seguintes categorias:<\/p><p>Jornalismo:<\/p><p>\u2013 Televis\u00e3o<\/p><p>\u2013 Internet<\/p><p>\u2013 R\u00e1dio<\/p><p>\u2013 Impresso (jornal ou revista) \u00a0<\/p><p>\u00a0<\/p><p><strong>4. QUAL O PER\u00cdODO DE VEICULA\u00c7\u00c3O DAS MAT\u00c9RIAS?<\/strong><\/p><p>\u00a0<\/p><p>Para concorrer ao Pr\u00eamio Synapsis FBH de Jornalismo 2022, ser\u00e3o aceitas apenas mat\u00e9rias veiculadas no per\u00edodo de 01\/10\/2020 \u00e0 05\/10\/2022. \u00a0<\/p><p>\u00a0<\/p><p><strong>5. QUAL SER\u00c1 O MEU<\/strong><strong>\u00a0COMPROVANTE DE INSCRI\u00c7\u00c3O?<\/strong><\/p><p>\u00a0<\/p><p>Ap\u00f3s a inscri\u00e7\u00e3o, a Equipe de Comunica\u00e7\u00e3o\u00a0do Pr\u00eamio Synapsis FBH 2022 enviar\u00e1 um e-mail confirmando a sua participa\u00e7\u00e3o.<\/p><p>\u00a0<\/p><p><strong>6. COMO INSCREVER MAT\u00c9RIA DE AUTORIA COLETIVA?<\/strong><\/p><p>\u00a0<\/p><p>Apenas um dos autores da mat\u00e9ria de autoria coletiva dever\u00e1 fazer a inscri\u00e7\u00e3o no site do Pr\u00eamio Synapsis FBH de Jornalismo 2022 e este passar\u00e1 a ser o respons\u00e1vel legal pelo material enviado e participa\u00e7\u00e3o em todas as etapas do processo do Pr\u00eamio.\u00a0\u00a0<\/p><p>\u00a0<\/p><p><strong>7. ESTUDANTE DE JORNALISMO PODE PARTICIPAR DO PR\u00caMIO?<\/strong><\/p><p>\u00a0<\/p><p>N\u00e3o. Para participar do Pr\u00eamio Synapsis FBH de Jornalismo 2022 \u00e9 obrigat\u00f3rio que o candidato seja jornalista profissional com diploma reconhecido pelo MEC e registro na referida categoria. \u00a0<\/p><p>\u00a0<\/p><p><strong>8. COMO OS VENCEDORES FICAM SABENDO DOS RESULTADOS?<\/strong><\/p><p>\u00a0<\/p><p><strong>\u00a0<\/strong>A Equipe de Comunica\u00e7\u00e3o do Pr\u00eamio Synapsis FBH de Jornalismo 2022\u00a0entrar\u00e1 em contato por telefone. Tamb\u00e9m ser\u00e1 enviado of\u00edcio, via e-mail, aos vencedores de cada categoria.<\/p><\/div>\n\t\t\t<\/div>\n\t\t<\/div>\n\t\t\t\t\t\t<\/div>\n\t\t\t\t<\/div>\n\t\t\t\t\t<\/div>\n\t\t<\/div>\n\t\t\t\t\t<\/div>\n\t\t<\/section>\n\t\t\t\t<\/div>\n\t\t","protected":false},"excerpt":{"rendered":"<p>Perguntas Frequentes FAQ 1. COMO SE INSCREVER? \u00a0 Para se inscrever no Pr\u00eamio Synapsis FBH de Jornalismo 2022, o participante dever\u00e1 preencher todos os campos do formul\u00e1rio de inscri\u00e7\u00e3o dispon\u00edvel&hellip;<\/p>\n","protected":false},"author":1,"featured_media":0,"parent":0,"menu_order":0,"comment_status":"closed","ping_status":"closed","template":"page-fullwidth.php","meta":{"_lmt_disableupdate":"","_lmt_disable":"","footnotes":""},"class_list":["post-407","page","type-page","status-publish","hentry"],"yoast_head":"<!-- This site is optimized with the Yoast SEO plugin v25.2 - https:\/\/yoast.com\/wordpress\/plugins\/seo\/ -->\n<title>FAQ - Pr\u00eamio Synapsis de Jornalismo<\/title>\n<meta name=\"robots\" content=\"index, follow, max-snippet:-1, max-image-preview:large, max-video-preview:-1\" \/>\n<link rel=\"canonical\" href=\"https:\/\/fbh.com.br\/premio-synapsis\/faq\/\" \/>\n<meta property=\"og:locale\" content=\"pt_BR\" \/>\n<meta property=\"og:type\" content=\"article\" \/>\n<meta property=\"og:title\" content=\"FAQ - Pr\u00eamio Synapsis de Jornalismo\" \/>\n<meta property=\"og:description\" content=\"Perguntas Frequentes FAQ 1. COMO SE INSCREVER? \u00a0 Para se inscrever no Pr\u00eamio Synapsis FBH de Jornalismo 2022, o participante dever\u00e1 preencher todos os campos do formul\u00e1rio de inscri\u00e7\u00e3o dispon\u00edvel&hellip;\" \/>\n<meta property=\"og:url\" content=\"https:\/\/fbh.com.br\/premio-synapsis\/faq\/\" \/>\n<meta property=\"og:site_name\" content=\"Pr\u00eamio Synapsis de Jornalismo\" \/>\n<meta property=\"article:publisher\" content=\"https:\/\/www.facebook.com\/premiosynapsisfbh\/\" \/>\n<meta property=\"article:modified_time\" content=\"2022-08-05T11:42:20+00:00\" \/>\n<meta name=\"twitter:card\" content=\"summary_large_image\" \/>\n<meta name=\"twitter:site\" content=\"@premiosynapsis\" \/>\n<meta name=\"twitter:label1\" content=\"Est. tempo de leitura\" \/>\n\t<meta name=\"twitter:data1\" content=\"2 minutos\" \/>\n<script type=\"application\/ld+json\" class=\"yoast-schema-graph\">{\"@context\":\"https:\/\/schema.org\",\"@graph\":[{\"@type\":\"WebPage\",\"@id\":\"https:\/\/fbh.com.br\/premio-synapsis\/faq\/\",\"url\":\"https:\/\/fbh.com.br\/premio-synapsis\/faq\/\",\"name\":\"FAQ - Pr\u00eamio Synapsis de Jornalismo\",\"isPartOf\":{\"@id\":\"https:\/\/fbh.com.br\/premio-synapsis\/#website\"},\"datePublished\":\"2020-11-06T20:01:21+00:00\",\"dateModified\":\"2022-08-05T11:42:20+00:00\",\"breadcrumb\":{\"@id\":\"https:\/\/fbh.com.br\/premio-synapsis\/faq\/#breadcrumb\"},\"inLanguage\":\"pt-BR\",\"potentialAction\":[{\"@type\":\"ReadAction\",\"target\":[\"https:\/\/fbh.com.br\/premio-synapsis\/faq\/\"]}]},{\"@type\":\"BreadcrumbList\",\"@id\":\"https:\/\/fbh.com.br\/premio-synapsis\/faq\/#breadcrumb\",\"itemListElement\":[{\"@type\":\"ListItem\",\"position\":1,\"name\":\"In\u00edcio\",\"item\":\"https:\/\/fbh.com.br\/premio-synapsis\/\"},{\"@type\":\"ListItem\",\"position\":2,\"name\":\"FAQ\"}]},{\"@type\":\"WebSite\",\"@id\":\"https:\/\/fbh.com.br\/premio-synapsis\/#website\",\"url\":\"https:\/\/fbh.com.br\/premio-synapsis\/\",\"name\":\"Pr\u00eamio Synapsis de Jornalismo\",\"description\":\"\",\"potentialAction\":[{\"@type\":\"SearchAction\",\"target\":{\"@type\":\"EntryPoint\",\"urlTemplate\":\"https:\/\/fbh.com.br\/premio-synapsis\/?s={search_term_string}\"},\"query-input\":{\"@type\":\"PropertyValueSpecification\",\"valueRequired\":true,\"valueName\":\"search_term_string\"}}],\"inLanguage\":\"pt-BR\"}]}<\/script>\n<!-- \/ Yoast SEO plugin. -->","yoast_head_json":{"title":"FAQ - Pr\u00eamio Synapsis de Jornalismo","robots":{"index":"index","follow":"follow","max-snippet":"max-snippet:-1","max-image-preview":"max-image-preview:large","max-video-preview":"max-video-preview:-1"},"canonical":"https:\/\/fbh.com.br\/premio-synapsis\/faq\/","og_locale":"pt_BR","og_type":"article","og_title":"FAQ - Pr\u00eamio Synapsis de Jornalismo","og_description":"Perguntas Frequentes FAQ 1. COMO SE INSCREVER? \u00a0 Para se inscrever no Pr\u00eamio Synapsis FBH de Jornalismo 2022, o participante dever\u00e1 preencher todos os campos do formul\u00e1rio de inscri\u00e7\u00e3o dispon\u00edvel&hellip;","og_url":"https:\/\/fbh.com.br\/premio-synapsis\/faq\/","og_site_name":"Pr\u00eamio Synapsis de Jornalismo","article_publisher":"https:\/\/www.facebook.com\/premiosynapsisfbh\/","article_modified_time":"2022-08-05T11:42:20+00:00","twitter_card":"summary_large_image","twitter_site":"@premiosynapsis","twitter_misc":{"Est. tempo de leitura":"2 minutos"},"schema":{"@context":"https:\/\/schema.org","@graph":[{"@type":"WebPage","@id":"https:\/\/fbh.com.br\/premio-synapsis\/faq\/","url":"https:\/\/fbh.com.br\/premio-synapsis\/faq\/","name":"FAQ - Pr\u00eamio Synapsis de Jornalismo","isPartOf":{"@id":"https:\/\/fbh.com.br\/premio-synapsis\/#website"},"datePublished":"2020-11-06T20:01:21+00:00","dateModified":"2022-08-05T11:42:20+00:00","breadcrumb":{"@id":"https:\/\/fbh.com.br\/premio-synapsis\/faq\/#breadcrumb"},"inLanguage":"pt-BR","potentialAction":[{"@type":"ReadAction","target":["https:\/\/fbh.com.br\/premio-synapsis\/faq\/"]}]},{"@type":"BreadcrumbList","@id":"https:\/\/fbh.com.br\/premio-synapsis\/faq\/#breadcrumb","itemListElement":[{"@type":"ListItem","position":1,"name":"In\u00edcio","item":"https:\/\/fbh.com.br\/premio-synapsis\/"},{"@type":"ListItem","position":2,"name":"FAQ"}]},{"@type":"WebSite","@id":"https:\/\/fbh.com.br\/premio-synapsis\/#website","url":"https:\/\/fbh.com.br\/premio-synapsis\/","name":"Pr\u00eamio Synapsis de Jornalismo","description":"","potentialAction":[{"@type":"SearchAction","target":{"@type":"EntryPoint","urlTemplate":"https:\/\/fbh.com.br\/premio-synapsis\/?s={search_term_string}"},"query-input":{"@type":"PropertyValueSpecification","valueRequired":true,"valueName":"search_term_string"}}],"inLanguage":"pt-BR"}]}},"_links":{"self":[{"href":"https:\/\/fbh.com.br\/premio-synapsis\/wp-json\/wp\/v2\/pages\/407","targetHints":{"allow":["GET"]}}],"collection":[{"href":"https:\/\/fbh.com.br\/premio-synapsis\/wp-json\/wp\/v2\/pages"}],"about":[{"href":"https:\/\/fbh.com.br\/premio-synapsis\/wp-json\/wp\/v2\/types\/page"}],"author":[{"embeddable":true,"href":"https:\/\/fbh.com.br\/premio-synapsis\/wp-json\/wp\/v2\/users\/1"}],"replies":[{"embeddable":true,"href":"https:\/\/fbh.com.br\/premio-synapsis\/wp-json\/wp\/v2\/comments?post=407"}],"version-history":[{"count":18,"href":"https:\/\/fbh.com.br\/premio-synapsis\/wp-json\/wp\/v2\/pages\/407\/revisions"}],"predecessor-version":[{"id":757,"href":"https:\/\/fbh.com.br\/premio-synapsis\/wp-json\/wp\/v2\/pages\/407\/revisions\/757"}],"wp:attachment":[{"href":"https:\/\/fbh.com.br\/premio-synapsis\/wp-json\/wp\/v2\/media?parent=407"}],"curies":[{"name":"wp","href":"https:\/\/api.w.org\/{rel}","templated":true}]}}